 is the greatest common divisor of 3438 and 89162238?
1146
Calculate the highest common divisor of 2793 and 7305459.
147
Calculate the highest common divisor of 6 and 9468687.
3
Calculate the highest common divisor of 15063096 and 5490.
366
Calculate the highest common divisor of 548 and 46418066.
274
What is the highest common factor of 4895808 and 27278?
1186
What is the highest common divisor of 250375 and 73375?
125
What is the highest common divisor of 7932 and 3012?
12
Calculate the greatest common divisor of 37770723 and 9.
9
What is the highest common divisor of 265 and 1336100585?
265
What is the highest common divisor of 353159928 and 9?
9
What is the highest common divisor of 15137840 and 15?
5
What is the highest common divisor of 15741 and 457974?
297
What is the greatest common factor of 695 and 39035?
5
What is the highest common divisor of 12025366 and 11362?
874
What is the highest common divisor of 250 and 4040110?
10
Calculate the greatest common divisor of 89907534 and 1026.
18
Calculate the greatest common factor of 563268 and 1967934.
438
What is the highest common factor of 28678643 and 833?
119
Calculate the highest common factor of 1017 and 44225601.
339
What is the highest common factor of 18529008 and 69264?
1776
Calculate the highest common factor of 158 and 3029492.
158
Calculate the highest common factor of 1440 and 281628.
36
What is the highest common factor of 17100 and 155817100?
1900
Calculate the greatest common divisor of 5877632 and 141.
47
What is the highest common divisor of 10843672 and 41216?
1288
What is the highest common factor of 270 and 264050?
10
Calculate the highest common divisor of 2744 and 23059204.
1372
Calculate the greatest common divisor of 12068756 and 252.
28
Calculate the greatest common divisor of 496857 and 51852.
87
Calculate the greatest common factor of 52974 and 1249992.
486
Calculate the highest common factor of 411378 and 286.
22
What is the highest common divisor of 84120 and 52680?
120
Calculate the highest common factor of 2451322 and 2822.
166
What is the greatest common factor of 939580021 and 34?
17
Calculate the greatest common divisor of 21485817 and 7209.
81
Calculate the highest common factor of 79440 and 192705.
15
What is the greatest common factor of 5833920 and 12875?
515
Calculate the greatest common factor of 248 and 15215296.
248
What is the greatest common factor of 636 and 144031740?
636
What is the highest common factor of 3 and 532867?
1
What is the highest common divisor of 392 and 13735750?
14
What is the greatest common factor of 1211178 and 44147?
337
What is the greatest common divisor of 122150 and 189655325?
8725
Calculate the greatest common divisor of 2658666 and 112038.
426
Calculate the greatest common factor of 3524676 and 12.
12
What is the greatest common factor of 371405 and 17700?
295
What is the greatest common divisor of 46360775 and 1400034?
12281
What is the greatest common factor of 12525 and 7961725?
4175
What is the greatest common divisor of 192 and 47000496?
48
What is the greatest common divisor of 657225194 and 1082?
1082
What is the highest common factor of 34111838 and 332?
166
What is the greatest common factor of 115791 and 3868607?
2969
Calculate the highest common factor of 664944 and 2960.
16
Calculate the greatest common factor of 28980 and 1344350.
1610
Calculate the highest common divisor of 15 and 1664071635.
15
What is the highest common factor of 3558564 and 5928?
12
What is the greatest common divisor of 855535 and 1836125?
1985
Calculate the greatest common factor of 1633 and 3330446.
23
What is the greatest common divisor of 396123 and 4485?
39
What is the greatest common factor of 252 and 4965184?
28
What is the highest common divisor of 125327 and 2645?
23
What is the greatest common factor of 98 and 2066659?
7
Calculate the greatest common factor of 14706 and 10393874.
1634
What is the greatest common divisor of 351712 and 13688?
232
Calculate the greatest common divisor of 498 and 790066044.
498
Calculate the greatest common factor of 189 and 74508.
21
Calculate the greatest common factor of 63560 and 3955.
35
Calculate the greatest common factor of 140 and 2359580.
20
Calculate the highest common divisor of 1090952 and 312.
8
Calculate the highest common factor of 569528188 and 16136.
8068
Calculate the highest common divisor of 14700 and 1552908.
588
What is the greatest common factor of 24311 and 36796284?
1057
What is the greatest common factor of 244787808 and 4?
4
Calculate the greatest common factor of 3573783 and 343350.
981
What is the greatest common divisor of 8536 and 173448?
88
Calculate the highest common divisor of 635535 and 106749.
261
What is the greatest common divisor of 26988 and 14239284?
2076
What is the greatest common divisor of 50257856 and 1408?
704
What is the highest common factor of 106278585 and 1075?
215
Calculate the highest common divisor of 19085024 and 32.
32
What is the highest common divisor of 3097916 and 712931?
5129
What is the highest common divisor of 1170402 and 6402?
582
Calculate the highest common divisor of 50 and 274899130.
10
Calculate the greatest common divisor of 655228 and 6524.
28
What is the greatest common factor of 58278 and 241059?
2649
What is the highest common factor of 3735964 and 2368?
148
What is the greatest common factor of 7 and 10874899?
7
Calculate the greatest common divisor of 397312 and 8896.
64
Calculate the highest common divisor of 85 and 7699827.
17
What is the greatest common factor of 316 and 133826?
158
What is the highest common factor of 448 and 54294632?
56
What is the highest common divisor of 1117034609 and 3754?
1877
What is the greatest common factor of 48 and 106180608?
48
Calculate the highest common divisor of 204 and 1088068.
68
Calculate the greatest common divisor of 14 and 68320728.
14
Calculate the greatest common divisor of 7656715 and 174097.
3553
What is the highest common divisor of 437 and 36052937?
437
What is the highest common factor of 21156689 and 692?
173
Calculate the highest common factor of 560432 and 4312.
8
What is the highest common factor of 393733 and 1334?
29
What is the highest common factor of 531 and 30058671?
177
What is the greatest common divisor of 9611 and 3112591?
1373
Calculate the highest common factor of 24710712 and 72.
24
What is the greatest common factor of 986028 and 1441516?
2588
Calculate the highest common factor of 13030 and 37090.
10
What is the highest common divisor of 36977446 and 726?
22
Calculate the highest common divisor of 126230 and 42110.
10
What is the highest common factor of 441482 and 1970726?
214
What is the highest common factor of 45004432 and 209?
11
Calculate the greatest common factor of 12033 and 2815531.
191
Calculate the greatest common divisor of 3072 and 7325952.
768
Calculate the greatest common factor of 10492506 and 66.
6
Calculate the greatest common divisor of 11923778 and 248.
62
Calculate the highest common divisor of 233 and 44009506.
233
Calculate the greatest common divisor of 1860081532 and 228.
76
What is the highest common divisor of 117279 and 4897?
83
Calculate the highest common divisor of 7240178 and 74822.
418
What is the greatest common factor of 5562972 and 23712?
228
Calculate the greatest common divisor of 2276 and 1073134.
1138
What is the highest common divisor of 15784232 and 30632?
4376
Calculate the highest common divisor of 2249291 and 253.
11
What is the highest common factor of 79 and 304817076?
79
What is the highest common factor of 1853264 and 49?
7
What is the highest common divisor of 111705 and 3454?
11
What is the greatest common divisor of 4510 and 91190?
110
Calculate the highest common factor of 2245 and 15771574.
449
What is the highest common divisor of 5929 and 81004?
77
What is the highest common factor of 4623336 and 99381?
471
What is the highest common factor of 641884 and 6256?
92
Calculate the greatest common divisor of 22191 and 633678799.
7397
Calculate the greatest common factor of 20520 and 22923120.
2280
Calculate the highest common divisor of 160 and 493160.
40
What is the highest common divisor of 42 and 45271506?
42
What is the greatest common divisor of 3270259583 and 53?
53
What is the h